ded by 18?
8
What is the remainder when 18851 is divided by 419?
415
Calculate the remainder when 1422 is divided by 157.
9
Calculate the remainder when 2096 is divided by 1032.
32
What is the remainder when 1281 is divided by 388?
117
Calculate the remainder when 1729371 is divided by 43.
40
What is the remainder when 11494 is divided by 5745?
4
Calculate the remainder when 2850 is divided by 913.
111
Calculate the remainder when 9575 is divided by 21.
20
What is the remainder when 8521 is divided by 1694?
51
What is the remainder when 5326 is divided by 1322?
38
What is the remainder when 49938 is divided by 47?
24
What is the remainder when 21147 is divided by 282?
279
Calculate the remainder when 18507 is divided by 15.
12
Calculate the remainder when 7194 is divided by 134.
92
Calculate the remainder when 59848 is divided by 19904.
136
Calculate the remainder when 54543 is divided by 487.
486
Calculate the remainder when 34737 is divided by 385.
87
What is the remainder when 28921 is divided by 705?
16
What is the remainder when 320 is divided by 47?
38
Calculate the remainder when 71076 is divided by 332.
28
What is the remainder when 10195 is divided by 29?
16
Calculate the remainder when 428196 is divided by 115.
51
What is the remainder when 8533 is divided by 22?
19
Calculate the remainder when 846 is divided by 94.
0
What is the remainder when 12998 is divided by 343?
307
Calculate the remainder when 74667 is divided by 208.
203
What is the remainder when 58511 is divided by 29246?
19
Calculate the remainder when 384247 is divided by 1101.
1099
Calculate the remainder when 94850 is divided by 182.
28
What is the remainder when 12211 is divided by 107?
13
Calculate the remainder when 31622 is divided by 810.
32
Calculate the remainder when 178649 is divided by 450.
449
What is the remainder when 9212 is divided by 17?
15
What is the remainder when 593272 is divided by 475?
472
Calculate the remainder when 17466 is divided by 437.
423
What is the remainder when 4388 is divided by 85?
53
What is the remainder when 110276 is divided by 7876?
12
What is the remainder when 932 is divided by 189?
176
Calculate the remainder when 1080 is divided by 465.
150
What is the remainder when 44669 is divided by 4447?
199
Calculate the remainder when 760050 is divided by 119.
116
What is the remainder when 48446 is divided by 32?
30
Calculate the remainder when 1442 is divided by 120.
2
Calculate the remainder when 3591 is divided by 168.
63
What is the remainder when 6651 is divided by 419?
366
What is the remainder when 63869 is divided by 208?
13
Calculate the remainder when 3254 is divided by 3234.
20
What is the remainder when 27836 is divided by 4637?
14
What is the remainder when 3632 is divided by 37?
6
Calculate the remainder when 5829 is divided by 1447.
41
What is the remainder when 37743 is divided by 96?
15
Calculate the remainder when 144087 is divided by 1471.
1400
Calculate the remainder when 3679 is divided by 12.
7
What is the remainder when 22447 is divided by 32?
15
Calculate the remainder when 997049 is divided by 28.
25
Calculate the remainder when 19293 is divided by 47.
23
What is the remainder when 368 is divided by 136?
96
Calculate the remainder when 897 is divided by 87.
27
What is the remainder when 5284 is divided by 175?
34
What is the remainder when 1263 is divided by 307?
35
Calculate the remainder when 10189 is divided by 99.
91
Calculate the remainder when 71793 is divided by 35882.
29
Calculate the remainder when 5354 is divided by 2648.
58
What is the remainder when 1168 is divided by 450?
268
What is the remainder when 12929 is divided by 1600?
129
Calculate the remainder when 6914 is divided by 86.
34
What is the remainder when 2712 is divided by 36?
12
Calculate the remainder when 17550 is divided by 919.
89
Calculate the remainder when 84317 is divided by 248.
245
Calculate the remainder when 9751 is divided by 397.
223
Calculate the remainder when 237404 is divided by 1672.
1652
What is the remainder when 9231 is divided by 1163?
1090
Calculate the remainder when 332936 is divided by 159.
149
Calculate the remainder when 394845 is divided by 26323.
0
What is the remainder when 288140 is divided by 138?
134
Calculate the remainder when 655 is divided by 342.
313
Calculate the remainder when 3585 is divided by 46.
43
What is the remainder when 56253 is divided by 97?
90
What is the remainder when 7301 is divided by 94?
63
What is the remainder when 75153 is divided by 40?
33
Calculate the remainder when 26702 is divided by 26692.
10
Calculate the remainder when 4516 is divided by 209.
127
Calculate the remainder when 43622 is divided by 18.
8
Calculate the remainder when 8314 is divided by 5.
4
Calculate the remainder when 10147 is divided by 70.
67
Calculate the remainder when 22226 is divided by 209.
72
Calculate the remainder when 1611 is divided by 427.
330
Calculate the remainder when 1609 is divided by 1595.
14
Calculate the remainder when 49595 is divided by 5.
0
Calculate the remainder when 26959 is divided by 2995.
4
What is the remainder when 3030 is divided by 2957?
73
Calculate the remainder when 80688 is divided by 1391.
10
What is the remainder when 22134 is divided by 155?
124
What is the remainder when 1775 is divided by 413?
123
What is the remainder when 5506 is divided by 81?
79
Calculate the remainder when 78063 is divided by 160.
143
What is the remainder when 51286 is divided by 32?
22
What is the remainder when 18838 is divided by 273?
1
What is the remainder when 2168 is divided by 600?
368
What is the remainder when 47878 is divided by 94?
32
Calculate the remainder when 755204 is divided by 13.
8
What is the remainder when 307754 is divided by 241?
238
Calculate the remainder when 6600 is divided by 522.
336
What is the remainder when 33912 is divided by 33875?
37
Calculate the remainder when 11690 is divided by 11688.
2
What is the remainder when 241977 is divided by 34568?
1
Calculate the remainder when 105929 is divided by 35307.
8
Calculate the remainder when 3642 is divided by 1771.
100
What is the remainder when 713021 is divided by 32?
29
Calculate the remainder when 92718 is divided by 40.
38
Calculate the remainder when 3335 is divided by 24.
23
What is the remainder when 23295 is divided by 189?
48
Calculate the remainder when 3652 is divided by 400.
52
Calculate the remainder when 1898 is divided by 249.
155
What is the remainder when 3246 is divided by 255?
186
Calculate the remainder when 223197 is divided by 74397.
6
Calculate the remainder when 6576 is divided by 43.
40
What is the remainder when 13494 is divided by 11?
8
Calculate the remainder when 150923 is divided by 39.
32
Calculate the remainder when 8015 is divided by 1334.
11
Calculate the remainder when 8493 is divided by 139.
14
Calculate the remainder when 17868 is divided by 8867.
134
Calculate the remainder when 96502 is divided by 16081.
16
What is the remainder when 4560 is divided by 2243?
74
Calculate the remainder when 31977 is divided by 53.
18
Calculate the remainder when 309 is divided by 113.
83
Calculate the remainder when 13439 is divided by 151.
0
Calculate the remainder when 373689 is divided by 89.
67
What is the remainder when 4870 is divided by 1361?
787
Calculate the remainder when 3728 is divided by 923.
36
What is the remainder when 930564 is divided by 53?
43
What is the remainder when 97354 is divided by 494?
36
Calculate the remainder when 23694 is divided by 82.
78
Calculate the remainder when 4865 is divided by 193.
40
What is the remainder when 478871 is divided by 72?
71
What is the remainder when 3496 is divided by 250?
246
What is the remainder when 817289 is divided by 270?
269
Calculate the remainder when 128353 is divided by 22.
5
What is the remainder when 201 is divided by 174?
27
What is the remainder when 75972 is divided by 3?
0
What is the remainder when 39285 is divided by 2182?
9
Calculate the remainder when 247269 is divided by 56.
29
What is the remainder when 142802 is divided by 71391?
20
What is the remainder when 49170 is divided by 12286?
26
What is the remainder when 1825066 is divided by 608353?
7
Calculate the remainder when 1319 is divided by 647.
25
Wh